7 divide 1603?
True
Is 12 a factor of 1073?
False
Is 13 a factor of 553?
False
Does 13 divide 975?
True
Is 24 a factor of 720?
True
Is 46 a factor of 10565?
False
Is 36 a factor of 432?
True
Does 103 divide 12772?
True
Does 38 divide 407?
False
Is 5 a factor of 213?
False
Does 20 divide 25687?
False
Is 638 a multiple of 24?
False
Is 12 a factor of 1572?
True
Is 174 a factor of 12006?
True
Does 42 divide 1638?
True
Is 25 a factor of 1275?
True
Is 37 a factor of 740?
True
Is 50 a factor of 10600?
True
Is 2117 a multiple of 73?
True
Is 95 a factor of 599?
False
Is 5465 a multiple of 35?
False
Does 5 divide 20?
True
Does 23 divide 811?
False
Is 75 a factor of 26025?
True
Does 18 divide 2271?
False
Is 29 a factor of 580?
True
Does 10 divide 44582?
False
Is 2 a factor of 255?
False
Does 14 divide 32438?
True
Is 56 a factor of 1848?
True
Is 67 a factor of 23048?
True
Does 190 divide 35634?
False
Is 1072 a multiple of 30?
False
Is 20 a factor of 17120?
True
Does 14 divide 11914?
True
Does 28 divide 30833?
False
Is 6 a factor of 6642?
True
Does 61 divide 1586?
True
Does 79 divide 11674?
False
Is 14473 a multiple of 14?
False
Is 12 a factor of 11935?
False
Does 32 divide 92362?
False
Is 22 a factor of 160?
False
Does 16 divide 2112?
True
Does 35 divide 1960?
True
Is 4 a factor of 72?
True
Is 13749 a multiple of 54?
False
Is 9 a factor of 7830?
True
Is 1000 a multiple of 40?
True
Is 9716 a multiple of 4?
True
Is 243 a multiple of 25?
False
Does 58 divide 16124?
True
Is 8073 a multiple of 13?
True
Is 1558 a multiple of 38?
True
Is 24 a factor of 360?
True
Is 6 a factor of 14574?
True
Does 27 divide 621?
True
Does 61 divide 244?
True
Does 2 divide 179?
False
Does 399 divide 39363?
False
Is 79 a factor of 100?
False
Is 63 a factor of 16254?
True
Is 1398 a multiple of 64?
False
Does 87 divide 6525?
True
Does 18 divide 362?
False
Is 8000 a multiple of 200?
True
Does 2 divide 651?
False
Does 31 divide 20584?
True
Does 12 divide 76524?
True
Does 4 divide 1268?
True
Does 11 divide 20989?
False
Does 41 divide 622?
False
Is 10539 a multiple of 19?
False
Is 9026 a multiple of 135?
False
Is 16 a factor of 20955?
False
Does 19 divide 57?
True
Is 30 a factor of 321?
False
Does 21 divide 68460?
True
Does 35 divide 2265?
False
Is 748 a multiple of 17?
True
Is 76 a factor of 1386?
False
Is 1020 a multiple of 85?
True
Is 73 a factor of 7075?
False
Is 26 a factor of 546?
True
Does 25 divide 1425?
True
Is 3189 a multiple of 3?
True
Is 99 a factor of 6774?
False
Does 12 divide 190347?
False
Is 23154 a multiple of 102?
True
Is 16 a factor of 938?
False
Does 75 divide 44982?
False
Is 609 a multiple of 28?
False
Is 55 a factor of 20629?
False
Does 7 divide 872?
False
Is 24444 a multiple of 42?
True
Does 4 divide 1116?
True
Is 21802 a multiple of 255?
False
Is 3478 a multiple of 20?
False
Is 120 a factor of 10514?
False
Does 5 divide 379?
False
Is 1865 a multiple of 35?
False
Is 1457 a multiple of 43?
False
Does 35 divide 16730?
True
Is 6 a factor of 150?
True
Does 21 divide 13916?
False
Is 19 a factor of 6475?
False
Is 1175 a multiple of 2?
False
Does 38 divide 12654?
True
Is 72 a factor of 29214?
False
Is 64 a factor of 3840?
True
Is 206 a multiple of 8?
False
Is 288 a multiple of 48?
True
Does 6 divide 6?
True
Is 3304 a multiple of 28?
True
Is 2 a factor of 1623?
False
Is 63 a factor of 630?
True
Does 54 divide 696?
False
Is 49861 a multiple of 159?
False
Is 27869 a multiple of 142?
False
Is 6612 a multiple of 29?
True
Does 13 divide 481?
True
Is 8 a factor of 648?
True
Does 11 divide 77?
True
Does 62 divide 2318?
False
Is 8 a factor of 1872?
True
Is 36 a factor of 252?
True
Is 9108 a multiple of 33?
True
Does 121 divide 2662?
True
Is 445 a multiple of 6?
False
Is 982 a multiple of 54?
False
Is 1278 a multiple of 18?
True
Does 6 divide 15958?
False
Is 4302 a multiple of 6?
True
Is 1876 a multiple of 134?
True
Is 116031 a multiple of 38?
False
Is 49 a multiple of 17?
False
Is 41916 a multiple of 35?
False
Does 5 divide 1730?
True
Is 7 a factor of 233?
False
Is 17278 a multiple of 14?
False
Does 12 divide 24017?
False
Is 34 a factor of 27512?
False
Does 16 divide 2511?
False
Does 7 divide 4981?
False
Does 31 divide 4340?
True
Does 44 divide 3851?
False
Is 56 a factor of 1467?
False
Is 16 a factor of 489?
False
Does 11 divide 460?
False
Is 132 a factor of 1188?
True
Is 6 a factor of 6009?
False
Is 1751 a multiple of 9?
False
Is 56 a factor of 1064?
True
Is 672 a multiple of 8?
True
Is 11 a factor of 105?
False
Is 29 a factor of 4200?
False
Is 67 a factor of 260?
False
Is 6 a factor of 1004?
False
Does 10 divide 8020?
True
Does 20 divide 2880?
True
Is 25 a factor of 5102?
False
Is 228 a multiple of 6?
True
Is 9840 a multiple of 30?
True
Does 93 divide 24701?
False
Does 3 divide 1097?
False
Is 335 a multiple of 10?
False
Does 62 divide 4960?
True
Does 10 divide 252?
False
Is 79 a factor of 4664?
False
Is 2 a factor of 173?
False
Is 55 even?
False
Is 5 a factor of 1705?
True
Is 1034 a multiple of 4?
False
Is 2840 a multiple of 15?
False
Does 5 divide 213?
False
Is 7 a factor of 31664?
False
Is 10 a factor of 1787?
False
Does 22 divide 4961?
False
Is 48 a factor of 8048?
False
Does 22 divide 792?
True
Is 14 a factor of 609?
False
Is 9 a factor of 454?
False
Is 30282 a multiple of 103?
True
Is 9 a factor of 17?
False
Is 3348 a multiple of 54?
True
Is 1009 a multiple of 43?
False
Is 5214 a multiple of 28?
False
Is 38141 a multiple of 9?
False
Is 3 a factor of 1204?
False
Is 711 a multiple of 4?
False
Does 104 divide 4989?
False
Is 1092 a multiple of 7?
True
Does 92 divide 145?
False
Is 65 a factor of 6174?
False
Is 20 a factor of 960?
True
Does 6 divide 5139?
False
Does 15 divide 213?
False
Does 19 divide 3610?
True
Is 18 a factor of 450?
True
Is 159 a multiple of 3?
True
Is 5960 a multiple of 5?
True
Is 16 a factor of 651?
False
Is 2453 a multiple of 20?
False
Does 9 divide 638?
False
Does 48 divide 4368?
True
Is 126 a multiple of 14?
True
Is 16 a factor of 6464?
True
Is 13530 a multiple of 33?
True
Is 69 a factor of 1226?
False
Is 25 a factor of 8341?
False
Is 44 a factor of 6723?
False
Is 32 a factor of 3808?
True
Is 2679 a multiple of 57?
True
Is 29007 a multiple of 23?
False
Is 216 a multiple of 8?
True
Does 73 divide 5371?
False
Is 2393 a multiple of 31?
False
Is 16 a factor of 1536?
True
Does 41 divide 369?
True
Is 144 a multiple of 5?
False
Does 93 divide 1260?
False
Is 9 a factor of 16962?
False
Is 32 a factor of 4032?
True
Is 30 a factor of 1170?
True
Is 9 a factor of 115?
False
Is 7 a factor of 644?
True
Does 4 divide 138?
False
Does 69 divide 382?
False
Is 5 a factor of 4842?
False
Is 24313 a multiple of 22?
False
Does 16 divide 8606?
False
Is 100 a factor of 33308?
False
Is 52 a multiple of 4?
True
Is 1326 a multiple of 34?
True
Is 12 a factor of 132?
True
Is 6874 a multiple of 7?
True
Is 99 a factor of 2376?
True
Is 30 a multiple of 10?
True
Does 10 divide 150?
True
Does 42 divide 7560?
True
Does 7 divide 852?
False
Is 22 a factor of 6423?
False
Does 72 divide 23570?
False
Is 927 a multiple of 17?
False
Is 69 a multiple of 23?
True
Is 1947 a multiple of 19?
False
Is 1914 a multiple of 4?
False
Is 22025 a multiple of 25?
True
Is 257 a multiple of 6?
False
Is 154 a factor of 6741?
False
Is 147 a factor of 93051?
True
Is 34 a multiple of 2?
True
Is 148 a multiple of 17?
False
Is 7 a factor of 273?
True
Is 3247 a multiple of 14?
False
Is 89 a factor of 10779?
False
Is 616 a multiple of 17?
False
Is 3162 a multiple of 23?
False
Is 3 a factor of 2206?
False
Does 43 divide 1016?
False
Is 9 a factor of 4749?
False
Does 49 divide 248?
False
Does 58 divide 3538?
True
Does 86 divide 1204?
True
Is 24 a factor of 3940?
False
Does 22 divide 118329?
False
Does 32 divide 3872?
True
Is 1674 a multiple of 9?
True
Does 40 divide 5041?
False
Is 78 a factor of 234?
True
Does 4 divide 27520?
True
Does 4 divide 188?
True
Is 12857 a multiple of 43?
True
Is 189 a multiple of 63?
True
Is 212 a factor of 31588?
True
Is 81677 a multiple of 48?
False
Is 1544 a multiple of 102?
False
Does 102 divide 1922?
False
Is 17088 a multiple of 23?
False
Is 11 a factor of 874?
False
Does 14 divide 18956?
True
Does 13 divide 13538?
False
Is 37716 a multiple of 28?
True
Is 6 a factor of 12?
True
Is 272 a mul